and y?
30
Let r = -1243 + 1328. Suppose 4*v + 7*y - 2*y = 199, -103 = -2*v + y. Calculate the greatest common divisor of v and r.
17
Let u be (6/24*-9)/(1/(-4)). Suppose -d - 2*p = -u, -2*d + 2*p - 18 = -3*p. Calculate the highest common divisor of d and 23.
1
Suppose 27 = 2*i + 5*i - 36. What is the greatest common divisor of 129 and i?
3
Let h be (21 - (4 - -12))*87528/20. What is the greatest common divisor of h and 28?
14
Let r(v) = 38*v**2 - 7*v + 3. Let s be r(2). Suppose 10*a = 159 + s. Let h be 10*3*-4*6/(-16). What is the highest common factor of h and a?
15
Suppose 32*c = 5099 + 4821. Calculate the highest common factor of c and 4185.
155
Suppose 5*a - i - 20 = -6*i, -i = 2*a - 13. Suppose -5*r = -2*r, 2*w + 3*r = 32. Let c = 29 + w. Calculate the highest common divisor of a and c.
9
Suppose -3069 = 10*b - 26649. Let c be (b/(-12))/((-3)/2). Suppose 132*k - 11 = c*k. What is the greatest common factor of 22 and k?
11
Let g = 209 + -220. Let m be 2/g - 210/(-66) - -3. Calculate the greatest common factor of 30 and m.
6
Let z be (-1 - 1 - 10)*-3. Let k(f) = f**3 + 8*f**2 + 3*f. Let l = -117 + 111. Let o be k(l). Calculate the greatest common divisor of z and o.
18
Let x(a) = -316*a - 2759. Let p be x(-9). What is the greatest common divisor of 25 and p?
5
Let x = -27607 + 43207. Calculate the greatest common divisor of 52 and x.
52
Let i(p) = 152*p**2 + 13*p - 10. Let v be i(2). What is the greatest common factor of v and 384?
48
Let a = 103 + -81. Let x be (-830)/165*-6 + (-4)/a. Suppose -2*z + 28 = -4*v, -4*v - x = -3*z + 10. What is the highest common factor of 48 and z?
12
Suppose 23921 - 8583 = 56*o - 12382. What is the greatest common factor of o and 135?
45
Let o(u) = 3*u - 21. Let t(x) = 7*x**2 + 89*x - 10. Let s be t(-13). Let f be o(s). Calculate the greatest common factor of 3 and f.
3
Suppose 71 - 72 = -x. Let n(g) = g**2 - g + 9. Let o be n(0). Let t be (7 - o)*5/(-2). What is the highest common factor of x and t?
1
Let h(o) = -33*o**2 - 1712*o + 253. Let c be h(-52). Calculate the highest common factor of 1185 and c.
15
Suppose 0 = 165*s - 170*s - v + 1447, -1166 = -4*s - 2*v. Calculate the highest common divisor of 2064 and s.
48
Let r = 38 + 74. Suppose -42 = -z - 2*z. What is the greatest common factor of r and z?
14
Let q = -77 - -302. Let a = 62 + -65. Let d be -4 - (a - -3) - (-16 + -3). What is the greatest common factor of q and d?
15
Suppose -3*j - s = -279, -3*j = -3*s + 8*s - 303. Calculate the greatest common factor of j and 77.
7
Let a(w) = w**2 - w - 22. Let l be a(-11). Suppose -72 = 26*z - 28*z. Let q = z + -14. Calculate the greatest common factor of l and q.
22
Suppose 3*w - 2*n = -4*w + 23292, -2*n - 16636 = -5*w. What is the greatest common factor of 39 and w?
13
Suppose 0 = 2*l + 75 - 121. Let c = 116 - 22. Let a = c - -21. Calculate the highest common factor of l and a.
23
Let m = -68281 - -68689. Suppose -5*y + 220 = -0*y - 4*b, 0 = 3*y + 5*b - 169. What is the greatest common factor of y and m?
24
Let h = 254303 - 254255. Suppose 2*i = 5*q - 440, -3*q + i + 440 = 2*q. What is the greatest common factor of h and q?
8
Suppose 3*t - 4*t + 226 = 0. Let w = 275 - t. Calculate the greatest common divisor of w and 21.
7
Let l = -18936 - -24747. Calculate the greatest common factor of 52 and l.
13
Suppose -8*v + 6*v - 360 = -k, -2*k + 720 = v. What is the highest common divisor of 1530 and k?
90
Let j = 221 - 209. Suppose j*w = 16*w - 2016. What is the highest common factor of 63 and w?
63
Suppose 3*x - 42 = -3*t - 3, 0 = 5*x - 5*t - 35. Let v be ((-4)/7)/(x/(-140)). Calculate the highest common factor of v and 4.
4
Suppose -3*w = 3*u - 59 + 2, -5*w = -10. Let q = -7 - -9. Suppose n = q*n - 68. What is the greatest common divisor of n and u?
17
Suppose -22*s + 25*s = 2*i - 247, -249 = -2*i + s. What is the greatest common factor of i and 95?
5
Let k(g) = 17*g**2 + 843*g - 78. Let f be k(-50). What is the highest common factor of 476 and f?
68
Suppose -5*f - 2575 = -3550. Let o(a) = -a**2 + 35*a - 147. Let j be o(24). What is the highest common divisor of j and f?
39
Let y = -51 - -58. Let z(o) = 3*o**2 - 4*o - 22. Let i be z(y). Let p = i + -91. Calculate the highest common factor of 174 and p.
6
Suppose -5*c - 4*x = -52 - 76, -c + x = -31. What is the highest common factor of 6454 and c?
14
Let b = -5593 - -5601. Calculate the highest common divisor of 1208 and b.
8
Let r(o) = 7*o**2 + 108*o - 8. Let h(j) = -2*j**2 - 14*j + 20. Let p be h(-9). Let x be r(p). What is the greatest common divisor of x and 28?
28
Suppose -3*q + 12*d = -2*q - 104, -4*q + 5*d = -158. Calculate the greatest common divisor of 752 and q.
16
Suppose 0 = -3*y - 2*i - 1513, -18*y + 5*i = -14*y + 1979. Let a = y - -513. Calculate the greatest common factor of 636 and a.
12
Suppose 55 = n + 34. Suppose -29*z + n*z + 72 = 0. What is the greatest common factor of 27 and z?
9
Suppose 19*z + 31*z + 21150 = 0. Let u = -355 - z. Calculate the greatest common factor of 85 and u.
17
Suppose 0 = 4*u + 5*z + 338 - 1224, -2*z = -4. Let n = 338 - u. What is the highest common divisor of n and 7?
7
Let b = 328 + -264. Let p be (42 + 5 + -7)*4. Calculate the highest common factor of p and b.
32
Suppose h + 2 - 33 = -y, 4*y - 123 = -5*h. Suppose 0 = -11*i + 286 - 22. What is the greatest common divisor of y and i?
8
Let z be (-108)/24*(-345000)/54. What is the greatest common factor of z and 46?
46
Let l = -1211 + 1298. What is the highest common factor of l and 377?
29
Let h = -10 + 4. Let i be (((-8)/h)/(-1))/(19/(-228)). What is the highest common factor of 408 and i?
8
Suppose -2*o - 4*o = 3673 - 23641. What is the highest common factor of 192 and o?
64
Let s = 235 + -235. Let g be 157 + s + (-12)/(-4). What is the greatest common factor of g and 32?
32
Let g be ((-2)/5)/(8/(-100)). Suppose -5*a + 550 = -9*h + 8*h, g*h = -3*a + 330. Calculate the highest common factor of 22 and a.
22
Suppose -3*m + 236 = 4*v, -v - 63 - 76 = -2*m. Let z = 55 - 68. Let x = 193 + z. Calculate the highest common factor of m and x.
36
Let g be (-7 + 7)*1 - -5. Let z be 5917/305 - (-3)/g. What is the greatest common factor of 500 and z?
20
Suppose -5*x + 30 = 0, 53*b + 4*x - 60 = 49*b. Calculate the highest common divisor of 57 and b.
3
Let v be ((-34)/5)/(144/(-23400)). Calculate the highest common factor of 585 and v.
65
Let s be 20/6*(-18)/15. Suppose j + 31 = 41. Let m be 408/30 - s/j. What is the highest common divisor of m and 112?
14
Let q = -5186 - -5194. Let z be (6 + -3 + -6)*-8. Calculate the greatest common divisor of q and z.
8
Let k be (153/2)/(((-10)/16)/(640/(-768))). What is the highest common factor of 21 and k?
3
Suppose 1822 = 17*t - 4145. Suppose -207 = -9*y + t. What is the greatest common factor of 186 and y?
62
Suppose 0*t = 4*t - 16. Suppose -3*j + 2*d = -239, 0*d - 3*d = -t*j + 318. What is the greatest common divisor of 18 and j?
9
Let q be (-8 + -3)/(-11) + (-22)/(-2). Let k(a) = a + 4. Let x be k(q). What is the highest common divisor of 56 and x?
8
Let q be 4/(-5)*(-85)/34. Suppose -3*t + 135 + 66 = 4*k, 5*k + q*t = 260. Calculate the greatest common factor of 126 and k.
18
Let u = 446 - 200. Let i = 315 - u. What is the highest common divisor of i and 92?
23
Suppose 3*f = 3*l + 120, -l + 34 + 10 = f. Let p be (-25)/(-2)*(201/15 - 5). Calculate the highest common divisor of p and f.
21
Suppose 18 = 2*a - 4*j - 14, 5*a = -j + 113. Let z be 20/90*18 - 234/(-2). What is the greatest common divisor of z and a?
11
Let i be -52*(6665/1116 + 2/(-9)). Let x = i - -600. Calculate the highest common divisor of x and 43.
43
Let a(o) = -8*o + 510. Let d be a(-49). Calculate the highest common divisor of 410 and d.
82
Suppose 0 = -q + 5*q - 4. Let h = q + 6. Suppose -34408 - 55841 = -1335*d + 12546. Calculate the greatest common factor of h and d.
7
Suppose 145 = 3*y - 2*w, 386*w - 381*w = -10. What is the highest common divisor of 7 and y?
1
Let n(i) = 94*i + 746. Let l be n(5). Calculate the highest common factor of 320 and l.
64
Let u be 14/49 - 26/(-7). Let a(c) = 145*c**2 - 8*c - 4 - 74*c**2 - 69*c**2. Let x be a(6). Calculate the greatest common divisor of u and x.
4
Suppose 2*q + 8*q = 160. Let h be (10/2)/(-27 - -28) + 104 + 3. What is the